t f(c) = -c**3 - 19*c**2 + 20*c - 7. Calculate f(t).
-7
Let v(b) = -b**2 + 5*b + 2. Suppose -73*q = -67*q + 12. Let j be -1 + (9 - (-4)/q). What is v(j)?
-4
Suppose 2*r = 14 - 0. Let s(c) = 4*c**2 - 111*c - 26. Let u be s(28). Let m(n) = 5*n + 8 - 2*n + n + r*n**u - 16 + n**3. What is m(-6)?
4
Let g(i) = -i**2 + 11*i - 30. Let k be g(6). Suppose -5*a = -v - 9, -a + 10*v - 8*v = k. Let z(c) = 8*c. Determine z(a).
16
Let r(l) = -l + 5. Let i be r(-6). Let o(v) = 5*v - 4 + 5 - 3*v - 3 - 8. What is o(i)?
12
Let i(y) = y**3 - 2*y**2 - y - 2. Suppose -2*w - 3*x = 16, -2*w = -w + 5*x - 6. Let s = -10 - w. Suppose -k = z - 0*z - s, -3*k = -4*z - 5. Calculate i(k).
4
Let s(d) = -3*d**2 - 4*d + 3. Let g be (-24)/(-18)*(5 + -2). Suppose 3*f = -f + g. Let u be s(f). Let r(v) = -v**2 - 4*v - 1. Determine r(u).
-1
Let r = -2 - 0. Let c(i) be the third derivative of -i**5/10 - i**4/12 + i**3/6 - 2*i**2 + 4221*i. Give c(r).
-19
Let h(m) be the third derivative of 117*m**2 - m + 0 + 7/6*m**3 + 1/8*m**4. Calculate h(-8).
-17
Let j(o) = -o**3 + 4*o**2 + 33*o - 9. Suppose -11515*v = -11541*v + 208. Calculate j(v).
-1
Suppose -7 = p - 2*i, 0 = -0*i - 5*i + 25. Let z(t) = 6 + 5*t + 5*t**3 - 4*t**2 + 11*t**p - 17*t**3. Calculate z(-5).
6
Let t(r) = -7*r - 107. Suppose 38 = -4*p + 2*i, p + 4*i - 9*i - 13 = 0. Determine t(p).
-23
Let u be 32 + (-1 - (-2 - -5)). Suppose -5*s = 18 - u. Let g(f) = -3*f**2 + 2*f. Give g(s).
-8
Let i(m) be the third derivative of -m**6/120 + 2*m**5/15 + m**4/2 + 10*m**3/3 - 10713*m**2. Calculate i(9).
47
Let p = 38 - 41. Let g(d) = -5*d + 4. Let j(r) = r**2 - r + 1. Let o(n) = g(n) - j(n). Let w be o(p). Let h(q) = 4*q - 3. Calculate h(w).
21
Let z(f) = 3*f - 7. Let c be ((-32)/24)/(-2*(-3)/(-27)). Suppose -3*m = -2*g + 23, -5*g + 54 = 2*m - c*m. Suppose 2*a - g = -0*a. Give z(a).
8
Let n(s) be the third derivative of s**5/30 + 5*s**4/6 + 20*s**3/3 + 5*s**2 - 396*s. Calculate n(-7).
-2
Let m(d) be the third derivative of d**6/120 - 2*d**5/15 + d**4/3 + 11*d**3/6 - 2564*d**2. What is m(6)?
-13
Let k(p) = -3*p - 5*p + 2*p. Let g = -14146 + 14147. What is k(g)?
-6
Let u(s) = s + 2. Let j be u(-5). Let r(x) be the first derivative of -x**2 - x - 27672. Give r(j).
5
Let r(j) = 52*j**2 - 20*j + 112. Let v be r(11). Let k(f) = -6184 - 6*f + v. Calculate k(-1).
6
Let k(m) = m**2 + 4*m + 6. Suppose 2*h + 2 + 4 = -2*a, 2*a + 5*h + 21 = 0. Suppose -j + 5*q = -0*j + 27, -3*q = 2*j + a. Calculate k(j).
27
Suppose 5*g = 3*x + 5, -g - 3*g = 8. Suppose -5*i - 100 = -5*q, 6*i - 44 = -q + i. Let b(o) = -q*o + 49*o - 26*o + 2 + 0. Determine b(x).
7
Let g(f) = -f**2 - 35*f - 64. Let j be g(-33). Let k(n) = 1 + 7 - 9 + j*n. Determine k(7).
13
Let v = 26 + -8. Let x(n) = -v*n + 9 - 20*n + 37*n. What is x(6)?
3
Let n(q) = 252 + 289 + 231 - 869 - 29*q + 233. Give n(5).
-9
Let q(r) be the first derivative of r**4/4 + 4*r**3/3 - 3*r**2 - 5*r + 2. Suppose 28216*f + 261 = 28184*f + 101. Calculate q(f).
0
Let v(f) = f**3 + 17*f**2 - 5*f - 37. Let g be v(-17). Let u = g + -45. Let q(d) = -16*d**3 - 46*d + 1 + 3*d**u + 48*d. Determine q(-1).
12
Let n(v) be the third derivative of 0 + 1/6*v**3 - 1/30*v**5 - 1/8*v**4 - 67*v**2 + 0*v. Suppose -5*s = -3*h - 14, -4*h - 4*s + 12 = -3*s. What is n(h)?
-13
Let l(h) = h - 5. Let a(v) = -v**3 - 5*v**2 - 9*v - 9. Let s(p) = -4*p - 51. Let x be s(-12). Let o be a(x). Calculate l(o).
-5
Let i be 24/18*(-18)/(-8). Suppose 8*w - i*w + 40 = 0. Let p(z) be the second derivative of z**4/12 + 3*z**3/2 + z**2 - 22*z. Calculate p(w).
-6
Let l be ((-224)/84 + 4)/(4/(-6)). Let y(p) = 6*p**3 - p - 6. Determine y(l).
-52
Let o be (84/(-2))/(4 + (-95)/20). Suppose o = c - 19. Let w = -78 + c. Let i(k) = -2*k - 4. Give i(w).
2
Suppose 7*g + 54 = 9*g. Let m be ((-9)/(g/12))/((-2)/(-3)). Let q(i) = -i + 2. What is q(m)?
8
Let f(d) be the first derivative of -d**5/60 - 4*d**3/3 - 8*d**2 - 73. Let x(y) be the third derivative of f(y). Determine x(1).
-2
Let k(l) = 16 - 116*l - l**2 - 3*l**2 - 112*l - l**3 + 238*l. Give k(-5).
-9
Let c(x) = -3*x**2 + 17*x - 1. Suppose 2*z + 1 = -7, 0 = u + 2*z + 1. Let n(t) = -5*t**2 + 32*t - 2. Let f(a) = u*c(a) - 4*n(a). Calculate f(-7).
15
Let z be ((-3)/(-2))/(15/50). Let b(a) = -19*a**2 + 8*a + 4. Let g(d) = 6*d**2 - 2*d - 3. Let s(j) = -b(j) - 3*g(j). Calculate s(z).
20
Suppose 17*o = 26*o + 4365. Let j = -490 - o. Let i(y) = 2*y**2 + 8*y + 5. Calculate i(j).
15
Let x(z) = 2*z - 2. Let b be 3 + (-9)/(1*(-2)/16). Let p = b - 68. Suppose 28 = p*d - 0*d. Determine x(d).
6
Let g(q) = -q**3 - 7*q**2 + 10*q + 11. Let c = -31 - -24. Let l = c + 23. Suppose 4*x + 16 = -l. Calculate g(x).
-5
Suppose 5*s = 9*s - 8. Let j be s*(-1)/(-8)*4. Let a(u) = 13*u - 7*u + u + j. Determine a(1).
8
Let x(r) be the first derivative of -60 + 12*r - 1/2*r**2. Give x(3).
9
Let r(d) = 3*d + 17. Let c = -26 - -17. Give r(c).
-10
Let q(j) = -34*j**2 - 6*j + 6. Let z(v) = -25*v**2 - 4*v + 5. Let d(i) = -3*q(i) + 4*z(i). Let n = 0 - 2. Determine d(n).
6
Let o(w) = 5*w**3 + 104*w**2 + 144*w + 71. Let m(x) = x**3 + 21*x**2 + 28*x + 14. Let r(l) = 11*m(l) - 2*o(l). Give r(-22).
56
Suppose -3*u = 2*y - 11, -5*y + 15 = -0*u + 5*u. Let z(f) = u*f - 238*f**2 + 3 + 237*f**2 - f. Give z(5).
-2
Suppose 9*g + 10*g - 5*g = 0. Suppose 55 = 3*b + 2*b. Suppose -b*z + 9*z - 12 = g. Let u(l) = 2*l + 6. Give u(z).
-6
Let w(s) = 105*s - 24. Let g(i) = 91*i - 22. Let b(q) = 7*g(q) - 6*w(q). Determine b(-8).
-66
Let l(c) = -c**3 - 6*c**2 + 6. Suppose -65192*t = -65176*t + 96. Give l(t).
6
Let x(u) = -5*u - 3. Suppose 195*m = -28*m + 1784. Determine x(m).
-43
Suppose 0 = -2*m - 3*m. Let u(k) = -141*k**2 - 24*k + 142. Let o(b) = 758*b**2 + 129*b - 758. Let l(t) = -8*o(t) - 43*u(t). Give l(m).
-42
Let c = 120 - 122. Let a be (-5)/((-65)/c) + 45/39. Let s(m) = -m**2 + 1 + m**2 - 9*m**3. Determine s(a).
-8
Let h(p) = -12*p + 212. Let o(i) = -i + 6. Let k(n) = h(n) - 3*o(n). Determine k(20).
14
Let w = -3 + 1. Let c(j) be the second derivative of j**4/3 + j**3/3 - j**2/2 + 5716*j. Calculate c(w).
11
Suppose 0 = 10*p + 3*p. Let h(k) = 12*k**2 + 0 - 5*k + 6 - 19*k**2. Let g(n) = 3*n**2 + 2*n - 3. Let w(c) = 5*g(c) + 2*h(c). Determine w(p).
-3
Let v(n) = -6*n**2 + 7. Suppose 0 = -5*g + 3*u + 12 - 18, 2*u = -3*g - 15. Determine v(g).
-47
Let o(p) = -p**3 + 7*p**2 + 4*p - 23. Suppose 39 = 6*y - 3. Let l be o(y). Let h(t) = -2*t - 1. Give h(l).
-11
Let q(l) = l**3 - 16*l**2 + 26*l + 36. Let a = -4380 - -4394. Calculate q(a).
8
Let p(z) = 18*z + 49. Suppose 2*r = 4*l - 18, 24*r - 2*l = 26*r. Calculate p(r).
-5
Let o = -17 + 9. Let p(k) = -k**2 - 7*k + 5. Let b be p(o). Let l(d) = d**2 - d. Let f(r) = 2*r**2 - r - 1. Let m(v) = b*l(v) + f(v). Give m(1).
0
Suppose -4*c = -0*c - 5*k - 449, 2*c + k - 221 = 0. Let v be 74/c + (-8)/(-6) + -1. Let q(a) = 15*a**2 + 1. Calculate q(v).
16
Let x = -3911 - -3897. Let q(u) = -u**3 - 14*u**2 - u - 12. Determine q(x).
2
Let m(r) = -r + 696*r**2 + 1 - 3*r**3 + 763*r**2 - 1458*r**2. Calculate m(-2).
31
Let m(l) = l**2 - 6*l + 6. Suppose 6*t + 1 + 11 = 0. Let a(n) be the first derivative of -n**4/4 - n**3/3 - 60. Let v be a(t). Give m(v).
-2
Suppose 4*k - 3*l = -6, -k - 2*l - 4 = -8. Let f = 1 - k. Let j(h) = -27389 - 413*h + 27389 + 414*h. What is j(f)?
1
Suppose 0*n + 2*n - 20 = 0. Let c(a) be the first derivative of a**4/4 - 11*a**3/3 + 5*a**2 - 3*a + 136. Give c(n).
-3
Let n(b) = -5*b**2 - 2680*b**3 - 4*b**2 - 13 + 4*b**2 - 4*b + 2679*b**3. Calculate n(-5).
7
Suppose 0 = 5*g - 9 + 39. Let b(d) = 5 - 2 - 4543*d + 4541*d + 2*d**2. Let k(v) = v**2 - v + 1. Let t(n) = g*b(n) + 14*k(n). Give t(3).
8
Let h(j) = 93*j - 98*j + j**2 + 137 - 133. Let z be 0 + (-3 + -2)*-1. Let o be z + 1*-2*1. Calculate h(o).
-2
Let i(c) = -c**3 + c + 0 - 3 + 2*c**2 + 6. Let s be 5/15*(19 + -1) - (-12 + 15). What is i(s)?
-3
Let k be (-3)/3 - 2/(-2). Let j(g) = -15*g**3 - g**2 - 3*g + 13. Let l(c) = 8*c**3 + c + 1. Let q(o) = -j(o) - 2*l(o). Determine q(k).
-15
Let h = -256 + 258. Suppose -h*s - 4*p = 16, -5*s + 0*p + 5*p = 25. Let o(r) = -r**3 - 8*r**2 - 5*r + 6. Determine o(s).
-36
Suppose -9*f + 25 = -4*f - 2*u, -5*f = -3*u - 25. Let r(s) = 6*s + 0 + 6*s**2 - 3*s**2 - s**3 + 2 - 1 - f. Determine r(4).
4
Let g(q) = 20*q + 40 + 283*q**2 - 284*q**2 + 4*q. Calcu